 -3*l + 80. What is the greatest common divisor of q and 368?
23
Let z be 3*1*(-100)/6. Let p be (25/z)/(2/(-12)). What is the greatest common factor of p and 12?
3
Let m(y) = 1 - 6*y + 1 + 3*y**2 - 7. Let h be (((-10)/(-8))/(-5))/(13/(-260)). Let f be m(h). Calculate the highest common factor of f and 16.
8
Let m be (1/3)/((-5)/(-1545)). Suppose -5*c + m = 23. What is the highest common divisor of c and 64?
16
Suppose -25*v - 11*v + 7956 = 0. What is the greatest common divisor of 17 and v?
17
Let p(l) = -11*l**3 - 1. Let c(w) = -w - 1. Let s be c(-3). Suppose -6*h + s = -8*h. Let m be p(h). Calculate the greatest common divisor of 90 and m.
10
Suppose 0 = -3*y - q + 8, -3*y + q = -2*q + 12. Let c = y - -7. Let k = -3 + c. Calculate the greatest common divisor of 20 and k.
5
Suppose 3*p + 3*v + v - 4116 = 0, -2*p + 2730 = -2*v. What is the highest common divisor of 19 and p?
19
Let b be (-3*24/20)/((-3)/500). What is the highest common divisor of b and 75?
75
Let j(o) = 2 - 3*o + 0*o - 5 - 6. Let l = -50 + 45. Let x be j(l). Calculate the greatest common factor of x and 9.
3
Let v = -26 + 46. Suppose 5*o = o + v. Let z be (-5 - (-2 + o))/(-1). What is the greatest common factor of z and 88?
8
Let m = -367 + 511. Calculate the greatest common divisor of m and 9.
9
Let g = 71 + -70. Let o(u) = 9*u**3 + 0*u**2 + u**2 - u + 11*u**3. Let q be o(g). Calculate the highest common factor of q and 4.
4
Suppose 0 = 14*k - 1670 - 612. Suppose 14*x + k = 2*n + 15*x, 5*x = -4*n + 335. Calculate the greatest common factor of n and 16.
16
Let n be (-15)/(-9)*27/15. Suppose -5*d = -2*o - n*o + 355, -5*d + 293 = 4*o. Calculate the highest common factor of 9 and o.
9
Suppose -r - 2*r = 42. Let v(o) = -14*o + 6 + 135*o**2 - 69*o**2 - 67*o**2. Let w be v(r). Calculate the highest common divisor of w and 6.
6
Let c(g) = 4*g + 58. Let z be c(-7). Suppose 5*u - 24 = u - 2*p, -2*u + 5*p + 12 = 0. What is the highest common factor of z and u?
6
Let v(p) = p**3 - 13*p**2 + 57*p - 54. Let b be v(12). What is the greatest common factor of 6 and b?
6
Let j be 7 - -1 - 8640/(27 + -45). Calculate the highest common factor of 183 and j.
61
Let t(z) be the first derivative of 3*z**2 + 16*z + 4. Let u be t(8). Calculate the greatest common factor of 8 and u.
8
Let y(p) = 48 - 12 + 24 - 2*p. Let b be y(18). Calculate the highest common divisor of b and 60.
12
Suppose 0 = 114*j - 111*j - 39. What is the greatest common factor of j and 169?
13
Let h = -1 + 2. Let j be (1 - (-3 + 5)) + h. Suppose j = 4*m - 5 - 7. Calculate the greatest common divisor of m and 9.
3
Suppose 21 = -3*f + 315. Let g(n) = 35*n. Let i be g(1). Let h = i + -21. Calculate the highest common divisor of f and h.
14
Let n = -23 - -49. Suppose -2*o + 134 = -n. Suppose -o = -4*v - v + 4*b, 5*b + 1 = -2*v. Calculate the highest common factor of v and 24.
12
Let j(k) = k**3 - 2*k**2 - 5*k - 13. Let w be j(4). Let i(h) = -64*h - 4. Let v be i(w). Calculate the highest common factor of v and 40.
20
Suppose -3*n - 1122 = -3*u, 5*n - 1866 = -5*u + 8*n. What is the greatest common factor of 84 and u?
12
Suppose -35*f + 31*f - 788 = -4*v, 5*v - 994 = -4*f. What is the highest common divisor of 693 and v?
99
Let q be (-708)/(-15)*(-4)/8*10. Let t = 396 + q. Calculate the highest common divisor of t and 10.
10
Suppose 32*f - 5550 = -5*f. Calculate the greatest common factor of 6 and f.
6
Suppose 53*a - 48*a - 335 = 2*r, r + 265 = 4*a. Calculate the highest common divisor of 52 and a.
13
Let f be 2 + (1 + -1 - -1). Suppose 5*a - 52 = -3*x, -18 = -2*x + 2*a + 38. What is the highest common factor of f and x?
3
Let q = 61 - 55. Calculate the greatest common factor of 30 and q.
6
Suppose 5*f = 3*i + 8*f - 42, -i + 2 = -3*f. Calculate the highest common divisor of 451 and i.
11
Let h = 6 - 1. Let a(n) = -6*n + 1 - 3 - 2 + h. Let p be a(-1). What is the greatest common divisor of p and 77?
7
Suppose -34 = -b + 36. Let l = -63 + 238. Calculate the highest common factor of b and l.
35
Let v(x) = x**3 + 15*x**2 + 6*x + 14. Suppose -2*d + 2*g + 74 = -7*d, -4 = 2*g. Let s be v(d). Calculate the greatest common divisor of s and 14.
14
Let h = -289 - -325. Calculate the greatest common divisor of 252 and h.
36
Let j(c) = 3*c + 6. Let m be j(-2). Suppose -b - 208 = -3*b - 4*k, -4*b + 4*k + 464 = m. What is the greatest common divisor of 16 and b?
16
Let a(v) = 2*v + 2. Let f be a(7). Suppose -33*p = -34*p - 6. Let g = p - -54. What is the greatest common factor of g and f?
16
Let k = -147 + 72. Let i = 200 + k. Calculate the greatest common factor of 50 and i.
25
Let l = -53 + 102. Let f = -42 + l. What is the greatest common factor of 77 and f?
7
Suppose -6*s + 60 = -s. Let f(j) = 19*j + 87. Let i be f(-5). Let p = s + i. Calculate the highest common divisor of 44 and p.
4
Suppose 0 = -3*r - 15, -12*r - 72 = -4*d - 8*r. Suppose 5*w - 5*x - 395 = -0*w, 3*x = -5*w + 387. Calculate the greatest common factor of d and w.
13
Suppose -6 = 2*u - 18. Let y be 0 + 3/((-9)/u). Let p(w) = -12*w. Let d be p(y). What is the greatest common divisor of 192 and d?
24
Let p = 3785 + -2621. Calculate the highest common factor of 12 and p.
12
Suppose -32 = 57*t - 58*t. Calculate the highest common factor of 448 and t.
32
Suppose 4*h + 2*p - 690 = 0, 3*h - 5*p - 505 = -7. Suppose n - 340 + 72 = 0. Let k be n/14 + (-5)/35. What is the highest common divisor of k and h?
19
Let b be 0/(-2) + 490/5. Suppose -3*d = 14 - b. What is the highest common factor of d and 14?
14
Let s = -65 + 68. Let f be (17 - (7 - 4)) + s + -1. What is the greatest common divisor of 128 and f?
16
Let k = -140 - -44. Let z = 555 + k. Calculate the highest common factor of 51 and z.
51
Let v be (-102)/15 - (-5)/(-25). Let o = v + 4. Let c = 8 + o. What is the greatest common factor of 2 and c?
1
Suppose -2*u + 3*y - 6*y + 72 = 0, -4*y = 0. Let z be (-6)/(72/(-21))*u. Calculate the highest common divisor of z and 7.
7
Let s(f) = -31*f - 54. Let v be s(-2). Calculate the greatest common factor of 8 and v.
8
Let s(v) = -v**3 - 6*v**2 + 14*v - 18. Let k be s(-9). What is the greatest common divisor of k and 11?
11
Let v = 24 + -19. Let l = v + -3. What is the greatest common factor of l and 4?
2
Let x = -1 - -30. Let r = -13 + x. Suppose -r*c - 38 = -17*c. What is the greatest common divisor of c and 38?
38
Let a = -244 - -298. Calculate the greatest common factor of 30 and a.
6
Suppose 3174 = 14*o + 9*o. What is the highest common factor of o and 92?
46
Suppose -141 = i - 4*i. Let p = i - 13. Suppose 0 = 5*d - 191 - p. Calculate the greatest common divisor of d and 5.
5
Let k be (-29)/(-2) - (-20)/(-40). Let i = 385 + -259. What is the greatest common divisor of k and i?
14
Let i = 956 + -906. Calculate the highest common factor of i and 350.
50
Suppose 0 = 18*s + 32*s - 5150. Calculate the greatest common divisor of s and 103.
103
Let t be (-21)/6 + 3 + (-7)/(-2). What is the greatest common factor of t and 75?
3
Let l be ((-384)/672)/((-2)/14 - 0). What is the greatest common divisor of l and 31?
1
Let f(y) = -y**3 - 2*y**2 - 2*y. Let l be f(-2). Let q(w) = -1 + 4*w - 1 - 1. Let t be q(1). Calculate the greatest common factor of l and t.
1
Let c(g) = 15*g + 7. Let i(u) = 14*u + 6. Let f be 3*(-4)/(-3) - 0. Let x(b) = f*i(b) - 3*c(b). Let p be x(7). Calculate the highest common divisor of 8 and p.
8
Let a(k) = -33*k - 484. Let o be a(-16). What is the greatest common factor of 242 and o?
22
Suppose -3*j = -17 - 16. Let g(k) = k**3 + 45*k**2 + 43*k + 22. Let c be g(-44). Calculate the greatest common factor of j and c.
11
Suppose -1 = -2*d + 5*a, -4 - 14 = -3*d + 2*a. Calculate the highest common divisor of d and 216.
8
Suppose l + 0*l = q + 19, 2*q = -l + 7. Suppose -l = -4*v - v. Suppose -3*r = 5*y + 1 - v, -2*y - 4*r = 2. Calculate the greatest common divisor of 3 and y.
1
Let v be ((-660)/(-352))/(2/16). What is the greatest common divisor of 615 and v?
15
Let c(o) = -12*o + 75. Let f be c(-10). What is the greatest common factor of 30 and f?
15
Let d(s) = s**3 + 5*s**2 + 3*s - 4. Let o be d(-2). Calculate the highest common divisor of o and 122.
2
Let s(a) = 6*a**2 - 19*a - 257. Let j be s(-15). Calculate the highest common divisor of j and 26.
26
Suppose -42*x + 126 = -36*x